{"id":1387,"date":"2023-10-21T07:54:56","date_gmt":"2023-10-21T07:54:56","guid":{"rendered":"https:\/\/seegefaehrten.de\/?page_id=1387"},"modified":"2025-10-15T07:15:26","modified_gmt":"2025-10-15T07:15:26","slug":"impressum","status":"publish","type":"page","link":"https:\/\/seegefaehrten.de\/?page_id=1387","title":{"rendered":"Impressum"},"content":{"rendered":"<h5 style=\"text-align: center;\">Angaben gem\u00e4\u00df \u00a7 5 TMG:<\/h5>\n<p style=\"text-align: center;\">Kontakt:<\/p>\n<p style=\"text-align: center;\">Caro Palm\u00b4s Seegef\u00e4hrten<\/p>\n<p style=\"text-align: center;\">Caroline Palm<\/p>\n<p style=\"text-align: center;\">Schleid\u00f6rfer Stra\u00dfe 22<\/p>\n<p style=\"text-align: center;\">24882 Schaalby<\/p>\n<p style=\"text-align: center;\">0177 4799515<\/p>\n<p style=\"text-align: center;\">sail@seegefaehrten.de<\/p>\n<h5 style=\"text-align: center;\">Umsatzsteuer:<\/h5>\n<p style=\"text-align: center;\">FINANZAMT RENDSBURG<br \/>\nSt.-Nr.: 28\/053\/18953<\/p>\n<h5 style=\"text-align: center;\">Haftung f\u00fcr Inhalte<\/h5>\n<p style=\"text-align: center;\">Als Diensteanbieter sind wir gem\u00e4\u00df \u00a7 7 Abs.1 TMG f\u00fcr eigene Inhalte auf diesen Seiten nach den allgemeinen Gesetzen verantwortlich. Nach \u00a7\u00a7 8 bis 10 TMG sind wir als Diensteanbieter jedoch nicht verpflichtet, \u00fcbermittelte oder gespeicherte fremde Informationen zu \u00fcberwachen oder nach Umst\u00e4nden zu forschen, die auf eine rechtswidrige T\u00e4tigkeit hinweisen.<\/p>\n<p style=\"text-align: center;\">Verpflichtungen zur Entfernung oder Sperrung der Nutzung von Informationen nach den allgemeinen Gesetzen bleiben hiervon unber\u00fchrt. Eine diesbez\u00fcgliche Haftung ist jedoch erst ab dem Zeitpunkt der Kenntnis einer konkreten Rechtsverletzung m\u00f6glich. Bei Bekanntwerden von entsprechenden Rechtsverletzungen werden wir diese Inhalte umgehend entfernen.<\/p>\n<h5 style=\"text-align: center;\">Urheberrecht<\/h5>\n<p style=\"text-align: center;\">Die durch die Seitenbetreiber erstellten Inhalte und Werke auf diesen Seiten unterliegen dem deutschen Urheberrecht. Die Vervielf\u00e4ltigung, Bearbeitung, Verbreitung und jede Art der Verwertung au\u00dferhalb der Grenzen des Urheberrechtes bed\u00fcrfen der schriftlichen Zustimmung des jeweiligen Autors bzw. Erstellers. Downloads und Kopien dieser Seite sind nur f\u00fcr den privaten, nicht kommerziellen Gebrauch gestattet.<\/p>\n<p style=\"text-align: center;\">Soweit die Inhalte auf dieser Seite nicht vom Betreiber erstellt wurden, werden die Urheberrechte Dritter beachtet. Insbesondere werden Inhalte Dritter als solche gekennzeichnet. Sollten Sie trotzdem auf eine Urheberrechtsverletzung aufmerksam werden, bitten wir um einen entsprechenden Hinweis. Bei Bekanntwerden von Rechtsverletzungen werden wir derartige Inhalte umgehend entfernen.<\/p>\n","protected":false},"excerpt":{"rendered":"<p>Angaben gem\u00e4\u00df \u00a7 5 TMG: Kontakt: Caro Palm\u00b4s Seegef\u00e4hrten Caroline Palm Schleid\u00f6rfer Stra\u00dfe 22 24882 Schaalby 0177 4799515 sail@seegefaehrten.de Umsatzsteuer: FINANZAMT RENDSBURG St.-Nr.: 28\/053\/18953 Haftung f\u00fcr Inhalte Als Diensteanbieter sind wir gem\u00e4\u00df \u00a7 7 Abs.1 TMG f\u00fcr eigene Inhalte auf diesen Seiten nach den allgemeinen Gesetzen verantwortlich. Nach \u00a7\u00a7 8 bis 10 TMG sind wir&hellip; <br \/> <a class=\"button small blue\" href=\"https:\/\/seegefaehrten.de\/?page_id=1387\">Weiterlesen<\/a><\/p>\n","protected":false},"author":1,"featured_media":0,"parent":563,"menu_order":0,"comment_status":"closed","ping_status":"closed","template":"","meta":{"footnotes":""},"class_list":["post-1387","page","type-page","status-publish","hentry"],"yoast_head":"<!-- This site is optimized with the Yoast SEO plugin v20.0 - https:\/\/yoast.com\/wordpress\/plugins\/seo\/ -->\n<title>Impressum - Caro Palm\u00b4s Seegef\u00e4hrten<\/title>\n<meta name=\"description\" content=\"Impressum Angaben gem\u00e4\u00df \u00a7 5 TMG von Caro Palm\u00b4s Seegef\u00e4hrten\" \/>\n<meta name=\"robots\" content=\"index, follow, max-snippet:-1, max-image-preview:large, max-video-preview:-1\" \/>\n<link rel=\"canonical\" href=\"https:\/\/seegefaehrten.de\/?page_id=1387\" \/>\n<meta property=\"og:locale\" content=\"de_DE\" \/>\n<meta property=\"og:type\" content=\"article\" \/>\n<meta property=\"og:title\" content=\"Impressum - Caro Palm\u00b4s Seegef\u00e4hrten\" \/>\n<meta property=\"og:description\" content=\"Impressum Angaben gem\u00e4\u00df \u00a7 5 TMG von Caro Palm\u00b4s Seegef\u00e4hrten\" \/>\n<meta property=\"og:url\" content=\"https:\/\/seegefaehrten.de\/?page_id=1387\" \/>\n<meta property=\"og:site_name\" content=\"Caro Palm\u00b4s Seegef\u00e4hrten\" \/>\n<meta property=\"article:modified_time\" content=\"2025-10-15T07:15:26+00:00\" \/>\n<meta name=\"twitter:card\" content=\"summary_large_image\" \/>\n<meta name=\"twitter:label1\" content=\"Gesch\u00e4tzte Lesezeit\" \/>\n\t<meta name=\"twitter:data1\" content=\"2\u00a0Minuten\" \/>\n<script type=\"application\/ld+json\" class=\"yoast-schema-graph\">{\"@context\":\"https:\/\/schema.org\",\"@graph\":[{\"@type\":\"WebPage\",\"@id\":\"https:\/\/seegefaehrten.de\/?page_id=1387\",\"url\":\"https:\/\/seegefaehrten.de\/?page_id=1387\",\"name\":\"Impressum - Caro Palm\u00b4s Seegef\u00e4hrten\",\"isPartOf\":{\"@id\":\"https:\/\/seegefaehrten.de\/#website\"},\"datePublished\":\"2023-10-21T07:54:56+00:00\",\"dateModified\":\"2025-10-15T07:15:26+00:00\",\"description\":\"Impressum Angaben gem\u00e4\u00df \u00a7 5 TMG von Caro Palm\u00b4s Seegef\u00e4hrten\",\"breadcrumb\":{\"@id\":\"https:\/\/seegefaehrten.de\/?page_id=1387#breadcrumb\"},\"inLanguage\":\"de\",\"potentialAction\":[{\"@type\":\"ReadAction\",\"target\":[\"https:\/\/seegefaehrten.de\/?page_id=1387\"]}]},{\"@type\":\"BreadcrumbList\",\"@id\":\"https:\/\/seegefaehrten.de\/?page_id=1387#breadcrumb\",\"itemListElement\":[{\"@type\":\"ListItem\",\"position\":1,\"name\":\"Startseite\",\"item\":\"https:\/\/seegefaehrten.de\/\"},{\"@type\":\"ListItem\",\"position\":2,\"name\":\"Sail since 2021\",\"item\":\"https:\/\/seegefaehrten.de\/\"},{\"@type\":\"ListItem\",\"position\":3,\"name\":\"Impressum\"}]},{\"@type\":\"WebSite\",\"@id\":\"https:\/\/seegefaehrten.de\/#website\",\"url\":\"https:\/\/seegefaehrten.de\/\",\"name\":\"Caro Palm\u00b4s Seegef\u00e4hrten\",\"description\":\"komm an Bord\",\"publisher\":{\"@id\":\"https:\/\/seegefaehrten.de\/#organization\"},\"potentialAction\":[{\"@type\":\"SearchAction\",\"target\":{\"@type\":\"EntryPoint\",\"urlTemplate\":\"https:\/\/seegefaehrten.de\/?s={search_term_string}\"},\"query-input\":\"required name=search_term_string\"}],\"inLanguage\":\"de\"},{\"@type\":\"Organization\",\"@id\":\"https:\/\/seegefaehrten.de\/#organization\",\"name\":\"Caro Palm\u00b4s Seegef\u00e4hrten\",\"url\":\"https:\/\/seegefaehrten.de\/\",\"logo\":{\"@type\":\"ImageObject\",\"inLanguage\":\"de\",\"@id\":\"https:\/\/seegefaehrten.de\/#\/schema\/logo\/image\/\",\"url\":\"https:\/\/seegefaehrten.de\/wp-content\/uploads\/2022\/10\/cropped-Unbenannt-1-scaled-e1666722720746.jpg\",\"contentUrl\":\"https:\/\/seegefaehrten.de\/wp-content\/uploads\/2022\/10\/cropped-Unbenannt-1-scaled-e1666722720746.jpg\",\"width\":254,\"height\":256,\"caption\":\"Caro Palm\u00b4s Seegef\u00e4hrten\"},\"image\":{\"@id\":\"https:\/\/seegefaehrten.de\/#\/schema\/logo\/image\/\"}}]}<\/script>\n<!-- \/ Yoast SEO plugin. -->","yoast_head_json":{"title":"Impressum - Caro Palm\u00b4s Seegef\u00e4hrten","description":"Impressum Angaben gem\u00e4\u00df \u00a7 5 TMG von Caro Palm\u00b4s Seegef\u00e4hrten","robots":{"index":"index","follow":"follow","max-snippet":"max-snippet:-1","max-image-preview":"max-image-preview:large","max-video-preview":"max-video-preview:-1"},"canonical":"https:\/\/seegefaehrten.de\/?page_id=1387","og_locale":"de_DE","og_type":"article","og_title":"Impressum - Caro Palm\u00b4s Seegef\u00e4hrten","og_description":"Impressum Angaben gem\u00e4\u00df \u00a7 5 TMG von Caro Palm\u00b4s Seegef\u00e4hrten","og_url":"https:\/\/seegefaehrten.de\/?page_id=1387","og_site_name":"Caro Palm\u00b4s Seegef\u00e4hrten","article_modified_time":"2025-10-15T07:15:26+00:00","twitter_card":"summary_large_image","twitter_misc":{"Gesch\u00e4tzte Lesezeit":"2\u00a0Minuten"},"schema":{"@context":"https:\/\/schema.org","@graph":[{"@type":"WebPage","@id":"https:\/\/seegefaehrten.de\/?page_id=1387","url":"https:\/\/seegefaehrten.de\/?page_id=1387","name":"Impressum - Caro Palm\u00b4s Seegef\u00e4hrten","isPartOf":{"@id":"https:\/\/seegefaehrten.de\/#website"},"datePublished":"2023-10-21T07:54:56+00:00","dateModified":"2025-10-15T07:15:26+00:00","description":"Impressum Angaben gem\u00e4\u00df \u00a7 5 TMG von Caro Palm\u00b4s Seegef\u00e4hrten","breadcrumb":{"@id":"https:\/\/seegefaehrten.de\/?page_id=1387#breadcrumb"},"inLanguage":"de","potentialAction":[{"@type":"ReadAction","target":["https:\/\/seegefaehrten.de\/?page_id=1387"]}]},{"@type":"BreadcrumbList","@id":"https:\/\/seegefaehrten.de\/?page_id=1387#breadcrumb","itemListElement":[{"@type":"ListItem","position":1,"name":"Startseite","item":"https:\/\/seegefaehrten.de\/"},{"@type":"ListItem","position":2,"name":"Sail since 2021","item":"https:\/\/seegefaehrten.de\/"},{"@type":"ListItem","position":3,"name":"Impressum"}]},{"@type":"WebSite","@id":"https:\/\/seegefaehrten.de\/#website","url":"https:\/\/seegefaehrten.de\/","name":"Caro Palm\u00b4s Seegef\u00e4hrten","description":"komm an Bord","publisher":{"@id":"https:\/\/seegefaehrten.de\/#organization"},"potentialAction":[{"@type":"SearchAction","target":{"@type":"EntryPoint","urlTemplate":"https:\/\/seegefaehrten.de\/?s={search_term_string}"},"query-input":"required name=search_term_string"}],"inLanguage":"de"},{"@type":"Organization","@id":"https:\/\/seegefaehrten.de\/#organization","name":"Caro Palm\u00b4s Seegef\u00e4hrten","url":"https:\/\/seegefaehrten.de\/","logo":{"@type":"ImageObject","inLanguage":"de","@id":"https:\/\/seegefaehrten.de\/#\/schema\/logo\/image\/","url":"https:\/\/seegefaehrten.de\/wp-content\/uploads\/2022\/10\/cropped-Unbenannt-1-scaled-e1666722720746.jpg","contentUrl":"https:\/\/seegefaehrten.de\/wp-content\/uploads\/2022\/10\/cropped-Unbenannt-1-scaled-e1666722720746.jpg","width":254,"height":256,"caption":"Caro Palm\u00b4s Seegef\u00e4hrten"},"image":{"@id":"https:\/\/seegefaehrten.de\/#\/schema\/logo\/image\/"}}]}},"_links":{"self":[{"href":"https:\/\/seegefaehrten.de\/index.php?rest_route=\/wp\/v2\/pages\/1387","targetHints":{"allow":["GET"]}}],"collection":[{"href":"https:\/\/seegefaehrten.de\/index.php?rest_route=\/wp\/v2\/pages"}],"about":[{"href":"https:\/\/seegefaehrten.de\/index.php?rest_route=\/wp\/v2\/types\/page"}],"author":[{"embeddable":true,"href":"https:\/\/seegefaehrten.de\/index.php?rest_route=\/wp\/v2\/users\/1"}],"replies":[{"embeddable":true,"href":"https:\/\/seegefaehrten.de\/index.php?rest_route=%2Fwp%2Fv2%2Fcomments&post=1387"}],"version-history":[{"count":4,"href":"https:\/\/seegefaehrten.de\/index.php?rest_route=\/wp\/v2\/pages\/1387\/revisions"}],"predecessor-version":[{"id":1465,"href":"https:\/\/seegefaehrten.de\/index.php?rest_route=\/wp\/v2\/pages\/1387\/revisions\/1465"}],"up":[{"embeddable":true,"href":"https:\/\/seegefaehrten.de\/index.php?rest_route=\/wp\/v2\/pages\/563"}],"wp:attachment":[{"href":"https:\/\/seegefaehrten.de\/index.php?rest_route=%2Fwp%2Fv2%2Fmedia&parent=1387"}],"curies":[{"name":"wp","href":"https:\/\/api.w.org\/{rel}","templated":true}]}}